te number?
False
Is 445111 composite?
True
Is 4148259 prime?
False
Is 832183 a composite number?
True
Is 9464099 a composite number?
False
Is 620231533 a composite number?
False
Is 10921277 a composite number?
False
Is 248411537 composite?
True
Is 8555831 a composite number?
False
Is 2412253 a prime number?
False
Is 93396781 prime?
True
Is 2886553 composite?
False
Is 39680051 composite?
False
Is 176734199 prime?
True
Is 4150213 composite?
False
Is 25605249 prime?
False
Is 142033103 prime?
False
Is 20876539 a prime number?
False
Is 1106017 a composite number?
True
Is 11272718 a composite number?
True
Is 10411999 a prime number?
False
Is 156729173 a composite number?
False
Is 4800247 prime?
False
Is 37420093 a composite number?
True
Is 757646099 a composite number?
True
Is 771289555 prime?
False
Is 436501249 a prime number?
True
Is 11161859 a prime number?
True
Is 69896837 a prime number?
False
Is 1620903 prime?
False
Is 20798761 composite?
True
Is 202285101 a prime number?
False
Is 2204807 a composite number?
True
Is 246410507 prime?
False
Is 16074397 a composite number?
False
Is 3240959 prime?
True
Is 26600933 composite?
False
Is 9082943 a prime number?
True
Is 12233159 a prime number?
True
Is 9211777 prime?
False
Is 95599487 a prime number?
True
Is 28245017 a prime number?
False
Is 7369927 a prime number?
False
Is 7231537 composite?
False
Is 13647839 composite?
False
Is 2768891 composite?
True
Is 5970241 a composite number?
False
Is 979243 a composite number?
True
Is 6415679 composite?
False
Is 8329747 a prime number?
True
Is 91238827 prime?
True
Is 453697 composite?
True
Is 778927 prime?
True
Is 67183247 a composite number?
False
Is 138798787 prime?
True
Is 120972581 a composite number?
False
Is 1030966189 a prime number?
False
Is 343687 a composite number?
False
Is 7720381 composite?
False
Is 293413 a prime number?
True
Is 32349431 prime?
False
Is 3026381 prime?
False
Is 5431733 prime?
True
Is 35201 composite?
False
Is 52091363 prime?
True
Is 1543865597 prime?
True
Is 4522787 a prime number?
True
Is 194193759 prime?
False
Is 995303 a prime number?
True
Is 133991683 a composite number?
True
Is 3944821 a composite number?
False
Is 14497261 prime?
True
Is 188617881 a prime number?
False
Is 9534506 composite?
True
Is 411069523 a prime number?
True
Is 127260667 composite?
False
Is 3501417 prime?
False
Is 4705807 composite?
False
Is 229265147 a composite number?
False
Is 70218119 a composite number?
True
Is 307829 a composite number?
True
Is 19138373 a prime number?
True
Is 103558199 a prime number?
True
Is 2784151 composite?
True
Is 307787171 a composite number?
False
Is 38296969 a prime number?
False
Is 217392569 a composite number?
True
Is 130365899 a composite number?
False
Is 1423663 prime?
True
Is 17665619 prime?
True
Is 1826443 prime?
True
Is 596143 a prime number?
True
Is 23487997 a prime number?
False
Is 2619863 composite?
True
Is 81870023 a composite number?
True
Is 1280197 composite?
True
Is 8988139 a composite number?
True
Is 12946015 composite?
True
Is 251006293 a prime number?
True
Is 53902591 prime?
False
Is 316993 composite?
True
Is 1480583 composite?
True
Is 5377583 composite?
True
Is 348847747 prime?
True
Is 3592999 a prime number?
False
Is 19739747 composite?
True
Is 161162653 prime?
True
Is 11412431 prime?
True
Is 106255187 prime?
True
Is 56551193 prime?
False
Is 16285821 composite?
True
Is 7681903 a prime number?
False
Is 67792949 a prime number?
False
Is 5646229 a composite number?
False
Is 8859943 a prime number?
True
Is 9116429 a prime number?
False
Is 41892803 prime?
True
Is 125441 prime?
True
Is 104710253 prime?
True
Is 2567909 prime?
False
Is 364632787 a prime number?
True
Is 6430579 prime?
True
Is 379191 prime?
False
Is 53113 composite?
False
Is 2281379 a composite number?
False
Is 2314331 a prime number?
False
Is 88402323 a prime number?
False
Is 299915761 a composite number?
False
Is 4169597 a prime number?
True
Is 1089419 a prime number?
False
Is 669457 a composite number?
True
Is 526931 prime?
True
Is 8717773 prime?
True
Is 155689 prime?
True
Is 210038 prime?
False
Is 15677633 a composite number?
False
Is 75064739 a prime number?
True
Is 34726531 prime?
False
Is 44944363 composite?
False
Is 27538303 prime?
False
Is 1043399285 composite?
True
Is 8207443 a composite number?
True
Is 1392607 prime?
True
Is 3382493 prime?
True
Is 50077 prime?
True
Is 3498457 prime?
True
Is 63668537 a prime number?
True
Is 29035577 prime?
True
Is 1099323247 a composite number?
True
Is 448433 composite?
True
Is 3120067 a composite number?
False
Is 520372693 composite?
False
Is 6243311 a prime number?
False
Is 509819 prime?
False
Is 96445291 a composite number?
False
Is 80521361 composite?
True
Is 15677731 prime?
True
Is 4451179 a composite number?
False
Is 42589 prime?
True
Is 85342423 a composite number?
True
Is 9395777 composite?
True
Is 19952411 prime?
True
Is 14762543 prime?
True
Is 30333679 a composite number?
False
Is 119819881 a prime number?
True
Is 3095539 a prime number?
True
Is 422137849 a composite number?
True
Is 530547 composite?
True
Is 42722807 composite?
False
Is 24924061 composite?
False
Is 28928219 composite?
False
Is 856793 prime?
False
Is 9740067 a composite number?
True
Is 24861917 a composite number?
False
Is 995273 a prime number?
True
Is 2174587 composite?
False
Is 10513561 a prime number?
True
Is 81281 prime?
True
Is 4390697 a prime number?
True
Is 7315777 a composite number?
True
Is 2247527 prime?
False
Is 86538791 a composite number?
False
Is 147576823 a prime number?
True
Is 2968337 composite?
False
Is 35795351 composite?
False
Is 19693459 a prime number?
False
Is 16289713 composite?
True
Is 254767 prime?
False
Is 404693 a composite number?
False
Is 30611023 prime?
True
Is 192239471 a composite number?
False
Is 3111619 composite?
True
Is 226821709 a prime number?
True
Is 1046861 prime?
False
Is 6575245 a composite number?
True
Is 48051077 composite?
True
Is 4581107 a composite number?
False
Is 10713539 prime?
True
Is 8582527 a prime number?
False
Is 65137 prime?
False
Is 19109777 a composite number?
True
Is 34093903 a composite number?
False
Is 7486741 a prime number?
False
Is 1096031 composite?
False
Is 37749059 a prime number?
False
Is 332209 composite?
True
Is 16333901 a prime number?
False
Is 1268357 prime?
True
Is 39966089 a composite number?
True
Is 30279842 prime?
False
Is 231202399 a prime number?
True
Is 62550791 composite?
True
Is 765242507 composite?
True
Is 11442077 composite?
False
Is 119478003 composite?
True
Is 113917 composite?
True
Is 3125129 a composite number?
True
Is 267941627 prime?
True
Is 59628454 composite?
True
Is 42361057 a composite number?
False
Is 221980939 a composite number?
True
Is 2048779 composite?
False
Is 51423033 a composite number?
True
Is 25728181 a prime number?
True
Is 63069509 composite?
True
Is 7604563 composite?
False
Is 107050358 a composite number?
True
Is 4380683 a composite number?
False
Is 60619297 a prime number?
False
Is 2597249 a composite number?
True
Is 68154127 a composite number?
False
Is 66387761 a composite number?
True
Is 3236423 a composite number?
False
Is 24154583 composite?
False
Is 75482765 prime?
False
Is 15610541 a prime number?
True
Is 9888719 prime?
True
Is 10008419 composite?
False
Is 7718811 composite?
True
Is 31973 a composite number?
False
Is 356819077 prime?
True
Is 33470665 a composite number?
True
Is 84516391 prime?
False
Is 449999947 composite?
False
Is 18508049 composite?
True
Is 1947646 prime?
False
Is 300439967 prime?
True
Is 1395271 composite?
True
Is 21361927 prime?
False
Is 136614029 a prime number?
False
Is 1220939695 a prime number?
False
Is 2024563 composite?
True
Is 348883 a prime number?
True
Is 193993699 a composite number?
False
Is 62816671 a composite number?
False
Is 5788693 a prime number?
True
Is 28297559 a composite number?
False
Is 85332953 prime?
False
Is 1570183 a prime number?
False
Is 46176619 composite?
True
Is 17686033 composite?
False
Is 9983263 prime?
True
Is 4792561 composite?
True
Is 773842 a prime number?
False
Is 36617407 a prime number?
True
Is 131309807 a composite number?
False
Is 4975001 composite?
False
Is 2469611 a composite number?
True
Is 5482189 prime?
False
Is 82870199 a composite number?
F